{"id":939,"date":"2025-04-20T01:27:22","date_gmt":"2025-04-19T23:27:22","guid":{"rendered":"https:\/\/lspo.vilniustech.lt\/?page_id=939"},"modified":"2025-04-21T21:37:18","modified_gmt":"2025-04-21T19:37:18","slug":"lspo-2025-rezultatai","status":"publish","type":"page","link":"https:\/\/lspo.vilniustech.lt\/index.php\/lspo-2025-rezultatai\/","title":{"rendered":"LSPO 2025 rezultatai"},"content":{"rendered":"\n<h4>2025 LSPO laim\u0117tojai:<\/h4>\n<div>1 vieta: Marijonas Salvijus Keturakis (Prezidento Antano Smetonos gimnazija), 16 u\u017eduo\u010di\u0173<\/div>\n<div>2 vieta: Dominykas Marma (Saarland university), 15 u\u017eduo\u010di\u0173<\/div>\n<div>3 vieta: Martynas \u0160mai\u017eys (KTU), 15 u\u017eduo\u010di\u0173<\/div>\n<div>&nbsp;<\/div>\n<div><a style=\"color:blue; text-decoration:underline;\" href=\"https:\/\/programavimas.vgtu.lt\/contests\/115\/standings\/\" target=\"_blank\" rel=\"noopener noreferrer\">Vis\u0173 dalyvi\u0173 rezultatai<\/a><\/div>\n<div>&nbsp;<\/div>\n<div><a style=\"color:blue; text-decoration:underline;\" href=\"\/index.php\/lspo-2025-akimirkos\/\" rel=\"noopener noreferrer\">Renginio akimirkos<\/a><\/div>\n","protected":false},"excerpt":{"rendered":"<p>2025 LSPO laim\u0117tojai: 1 vieta: Marijonas Salvijus Keturakis (Prezidento Antano Smetonos gimnazija), 16 u\u017eduo\u010di\u0173 2 vieta: Dominykas Marma (Saarland university), 15 u\u017eduo\u010di\u0173 3 vieta: Martynas \u0160mai\u017eys (KTU), 15 u\u017eduo\u010di\u0173 &nbsp; Vis\u0173 dalyvi\u0173 rezultatai &nbsp; Renginio akimirkos<\/p>\n","protected":false},"author":4,"featured_media":0,"parent":0,"menu_order":0,"comment_status":"closed","ping_status":"closed","template":"","meta":{"_exactmetrics_skip_tracking":false,"_exactmetrics_sitenote_active":false,"_exactmetrics_sitenote_note":"","_exactmetrics_sitenote_category":0,"ngg_post_thumbnail":0,"footnotes":""},"_links":{"self":[{"href":"https:\/\/lspo.vilniustech.lt\/index.php\/wp-json\/wp\/v2\/pages\/939"}],"collection":[{"href":"https:\/\/lspo.vilniustech.lt\/index.php\/wp-json\/wp\/v2\/pages"}],"about":[{"href":"https:\/\/lspo.vilniustech.lt\/index.php\/wp-json\/wp\/v2\/types\/page"}],"author":[{"embeddable":true,"href":"https:\/\/lspo.vilniustech.lt\/index.php\/wp-json\/wp\/v2\/users\/4"}],"replies":[{"embeddable":true,"href":"https:\/\/lspo.vilniustech.lt\/index.php\/wp-json\/wp\/v2\/comments?post=939"}],"version-history":[{"count":2,"href":"https:\/\/lspo.vilniustech.lt\/index.php\/wp-json\/wp\/v2\/pages\/939\/revisions"}],"predecessor-version":[{"id":944,"href":"https:\/\/lspo.vilniustech.lt\/index.php\/wp-json\/wp\/v2\/pages\/939\/revisions\/944"}],"wp:attachment":[{"href":"https:\/\/lspo.vilniustech.lt\/index.php\/wp-json\/wp\/v2\/media?parent=939"}],"curies":[{"name":"wp","href":"https:\/\/api.w.org\/{rel}","templated":true}]}}